he remainder when 57096284 is divided by 40609?
30
Calculate the remainder when 5642455 is divided by 215.
210
What is the remainder when 74212 is divided by 24696?
124
Calculate the remainder when 2710314 is divided by 113.
9
What is the remainder when 1915875 is divided by 133?
10
What is the remainder when 26068903 is divided by 942?
937
Calculate the remainder when 191034 is divided by 333.
225
What is the remainder when 7975559 is divided by 78?
59
What is the remainder when 52702917 is divided by 67?
47
What is the remainder when 224859 is divided by 1693?
1383
What is the remainder when 1405024 is divided by 42576?
16
What is the remainder when 1186629 is divided by 329?
255
What is the remainder when 10659 is divided by 9791?
868
What is the remainder when 204916 is divided by 51200?
116
Calculate the remainder when 283241 is divided by 70747.
253
What is the remainder when 2890086 is divided by 108?
6
What is the remainder when 930069 is divided by 42271?
107
What is the remainder when 31778 is divided by 3029?
1488
Calculate the remainder when 1267988 is divided by 3691.
1975
What is the remainder when 196081 is divided by 1283?
1065
Calculate the remainder when 61370900 is divided by 408.
356
Calculate the remainder when 20012 is divided by 1817.
25
Calculate the remainder when 116282696 is divided by 3420079.
10
What is the remainder when 364526796 is divided by 20?
16
What is the remainder when 87268 is divided by 195?
103
Calculate the remainder when 5412797 is divided by 680.
677
Calculate the remainder when 1090524 is divided by 181339.
2490
Calculate the remainder when 51382 is divided by 1664.
1462
What is the remainder when 5361887 is divided by 366?
353
Calculate the remainder when 258332 is divided by 3486.
368
What is the remainder when 37925 is divided by 268?
137
What is the remainder when 181937 is divided by 359?
283
What is the remainder when 11948077 is divided by 156?
37
What is the remainder when 11022861 is divided by 1048?
1045
Calculate the remainder when 21048038 is divided by 298.
0
What is the remainder when 6688 is divided by 6238?
450
What is the remainder when 2430099 is divided by 1579?
18
What is the remainder when 543970 is divided by 2428?
98
What is the remainder when 60173943 is divided by 23?
9
What is the remainder when 6319925 is divided by 157989?
365
What is the remainder when 745754 is divided by 598?
48
What is the remainder when 34317 is divided by 10585?
2562
What is the remainder when 3842709 is divided by 3842666?
43
What is the remainder when 386557 is divided by 20197?
2814
Calculate the remainder when 28545 is divided by 1569.
303
Calculate the remainder when 86962 is divided by 14420.
442
What is the remainder when 561662 is divided by 90?
62
Calculate the remainder when 931928 is divided by 931615.
313
What is the remainder when 92951 is divided by 92745?
206
Calculate the remainder when 150378 is divided by 2312.
98
Calculate the remainder when 103220 is divided by 11465.
35
Calculate the remainder when 16571163 is divided by 43.
38
What is the remainder when 54086 is divided by 542?
428
Calculate the remainder when 129594 is divided by 63924.
1746
Calculate the remainder when 18789370 is divided by 28.
26
What is the remainder when 7701627 is divided by 122?
11
Calculate the remainder when 2161372 is divided by 1205.
807
Calculate the remainder when 48507753 is divided by 90.
3
Calculate the remainder when 284350121 is divided by 83.
6
What is the remainder when 76742 is divided by 641?
463
Calculate the remainder when 58156 is divided by 657.
340
Calculate the remainder when 110943 is divided by 21975.
1068
What is the remainder when 5379959 is divided by 1257?
1256
Calculate the remainder when 291278958 is divided by 1099.
1097
Calculate the remainder when 582437021 is divided by 2249.
2246
What is the remainder when 20310876 is divided by 305?
11
Calculate the remainder when 733005 is divided by 1357.
225
What is the remainder when 3402491 is divided by 3402373?
118
Calculate the remainder when 1292997 is divided by 10017.
804
What is the remainder when 30397063 is divided by 134?
101
What is the remainder when 80838 is divided by 337?
295
What is the remainder when 5978796 is divided by 330?
186
Calculate the remainder when 527362 is divided by 175643.
433
Calculate the remainder when 73584 is divided by 50.
34
Calculate the remainder when 670953 is divided by 1997.
1958
Calculate the remainder when 7570 is divided by 278.
64
Calculate the remainder when 52088304 is divided by 342.
336
What is the remainder when 1219968 is divided by 821?
783
Calculate the remainder when 5023360 is divided by 786.
34
Calculate the remainder when 1479701 is divided by 81.
74
Calculate the remainder when 1458981 is divided by 291780.
81
What is the remainder when 5839858 is divided by 23?
20
What is the remainder when 801398 is divided by 1560?
1118
What is the remainder when 1504280 is divided by 614?
594
What is the remainder when 570604 is divided by 215?
209
Calculate the remainder when 4576758 is divided by 855.
798
What is the remainder when 2907356 is divided by 2160?
2156
What is the remainder when 68804 is divided by 143?
21
Calculate the remainder when 22295 is divided by 733.
305
Calculate the remainder when 2436493 is divided by 609119.
17
Calculate the remainder when 25549130 is divided by 1419392.
74
What is the remainder when 51126 is divided by 16873?
507
What is the remainder when 41262899 is divided by 819?
41
What is the remainder when 69267953 is divided by 162?
155
What is the remainder when 10211458 is divided by 50?
8
Calculate the remainder when 229969474 is divided by 297.
295
What is the remainder when 832345 is divided by 1651?
241
Calculate the remainder when 575592 is divided by 71942.
56
Calculate the remainder when 40997 is divided by 5845.
82
What is the remainder when 7414 is divided by 7185?
229
What is the remainder when 1542680 is divided by 1552?
1544
Calculate the remainder when 22089 is divided by 3660.
129
What is the remainder when 40248310 is divided by 39?
37
What is the remainder when 389822797 is divided by 20?
17
Calculate the remainder when 316960 is divided by 79237.
12
Calculate the remainder when 4217997 is divided by 47.
29
What is the remainder when 14297559 is divided by 1011?
1008
Calculate the remainder when 4106720 is divided by 89.
82
Calculate the remainder when 425085301 is divided by 2261092.
5
What is the remainder when 28276957 is divided by 143?
137
What is the remainder when 196202 is divided by 136?
90
What is the remainder when 77801089 is divided by 78?
67
Calculate the remainder when 1754354 is divided by 1737.
1721
Calculate the remainder when 5513378 is divided by 1837783.
29
Calculate the remainder when 766828 is divided by 5850.
478
Calculate the remainder when 16235 is divided by 7944.
347
What is the remainder when 46395 is divided by 5165?
5075
What is the remainder when 8418040 is divided by 4208986?
68
What is the remainder when 44979676 is divided by 937076?
28
Calculate the remainder when 457126101 is divided by 25.
1
What is the remainder when 237616 is divided by 357?
211
Calculate the remainder when 1329117 is divided by 3357.
3102
Calculate the remainder when 404830 is divided by 1169.
356
Calculate the remainder when 225747 is divided by 256.
211
What is the remainder when 3621446 is divided by 1277?
1151
What is the remainder when 3031551 is divided by 992?
991
What is the remainder when 143336 is divided by 969?
893
Calculate the remainder when 542947 is divided by 287.
230
Calculate the remainder when 3936218 is divided by 281157.
20
What is the remainder when 44019569 is divided by 594?
11
Calculate the remainder when 6930133 is divided by 21.
7
Calculate the remainder when 66624 is divided by 65141.
1483
What is the remainder when 429330 is divided by 15899?
57
Calculate the remainder when 259074 is divided by 110.
24
What is the remainder when 59270659 is divided by 349?
338
Calculate the remainder when 479706 is divided by 238922.
1862
What is the remainder when 334155668 is divided by 424?
420
Calculate the remainder when 8363184 is divided by 63.
60
What is the remainder when 127625332 is divided by 